11) to base 15.
2
-24 (base 13) to base 9
-33
-1100 (base 2) to base 16
-c
What is -22 (base 13) in base 15?
-1d
What is -1 (base 15) in base 14?
-1
What is 0 (base 7) in base 13?
0
What is -1 (base 10) in base 5?
-1
What is -f (base 16) in base 6?
-23
Convert -3 (base 7) to base 8.
-3
10 (base 5) to base 16
5
Convert 3 (base 13) to base 3.
10
Convert 2 (base 11) to base 12.
2
-78 (base 14) to base 7
-211
10 (base 3) to base 5
3
What is 453 (base 9) in base 5?
2442
Convert -ea (base 15) to base 14.
-11a
What is -2 (base 9) in base 3?
-2
What is 11 (base 3) in base 13?
4
117 (base 8) to base 5
304
What is 3 (base 13) in base 2?
11
-1213 (base 6) to base 4
-10221
What is 13 (base 7) in base 15?
a
What is 11 (base 10) in base 4?
23
Convert 1011001 (base 2) to base 10.
89
44 (base 11) to base 12
40
Convert 1 (base 3) to base 10.
1
Convert -1200 (base 5) to base 8.
-257
What is -10 (base 2) in base 5?
-2
Convert -125 (base 8) to base 2.
-1010101
What is -1 (base 13) in base 12?
-1
What is -3 (base 15) in base 10?
-3
Convert -3 (base 13) to base 6.
-3
Convert -61 (base 9) to base 7.
-106
What is 33 (base 8) in base 3?
1000
What is -2 (base 7) in base 16?
-2
-35 (base 7) to base 15
-1b
1ac (base 16) to base 2
110101100
What is 50 (base 8) in base 15?
2a
Convert -23 (base 13) to base 8.
-35
8 (base 10) to base 16
8
What is -9 (base 12) in base 11?
-9
Convert 18 (base 13) to base 12.
19
Convert 23 (base 9) to base 6.
33
Convert -4 (base 11) to base 16.
-4
What is -1 (base 12) in base 5?
-1
What is -18 (base 10) in base 14?
-14
Convert -333 (base 5) to base 3.
-10110
Convert -89 (base 10) to base 13.
-6b
9a (base 14) to base 11
114
Convert 11e (base 15) to base 11.
211
What is -4 (base 15) in base 2?
-100
Convert -11 (base 2) to base 6.
-3
What is -6 (base 14) in base 11?
-6
-104 (base 5) to base 10
-29
Convert -226 (base 9) to base 7.
-354
What is 1 (base 9) in base 4?
1
Convert -51 (base 11) to base 9.
-62
Convert -1010 (base 2) to base 9.
-11
3c (base 13) to base 7
102
What is 15 (base 14) in base 13?
16
-53 (base 14) to base 6
-201
-6 (base 12) to base 15
-6
Convert 13 (base 5) to base 10.
8
What is 92 (base 16) in base 15?
9b
aa (base 13) to base 12
b8
Convert -10 (base 9) to base 2.
-1001
204 (base 5) to base 4
312
What is 2 (base 10) in base 14?
2
What is -25 (base 6) in base 9?
-18
What is 0 (base 9) in base 5?
0
Convert -10 (base 10) to base 9.
-11
Convert 0 (base 16) to base 4.
0
Convert 44 (base 7) to base 2.
100000
233 (base 7) to base 3
11112
-3 (base 9) to base 4
-3
What is 32 (base 4) in base 9?
15
Convert 115 (base 8) to base 16.
4d
What is 35 (base 7) in base 3?
222
Convert -100 (base 3) to base 14.
-9
30 (base 7) to base 8
25
Convert -87 (base 11) to base 5.
-340
What is -53 (base 12) in base 13?
-4b
What is 2 (base 6) in base 11?
2
What is -1 (base 12) in base 5?
-1
-57 (base 11) to base 3
-2022
Convert -5 (base 7) to base 13.
-5
What is 103 (base 11) in base 14?
8c
Convert -3 (base 11) to base 14.
-3
Convert 320 (base 5) to base 6.
221
What is 26 (base 10) in base 14?
1c
Convert -330 (base 4) to base 12.
-50
-21 (base 15) to base 10
-31
What is -130 (base 5) in base 11?
-37
What is d8 (base 15) in base 8?
313
What is -2 (base 13) in base 4?
-2
3 (base 15) to base 13
3
228 (base 9) to base 14
d6
2002 (base 3) to base 5
211
What is -2 (base 8) in base 15?
-2
2022 (base 3) to base 16
3e
Convert 163 (base 12) to base 13.
13b
What is -2 (base 16) in base 3?
-2
Convert 14 (base 10) to base 6.
22
What is -11 (base 2) in base 16?
-3
Convert -1 (base 14) to base 10.
-1
-6 (base 16) to base 10
-6
Convert 0 (base 10) to base 9.
0
Convert -1 (base 11) to base 14.
-1
What is 3 (base 8) in base 16?
3
Convert -1 (base 6) to base 8.
-1
Convert -5 (base 6) to base 9.
-5
-4 (base 7) to base 11
-4
What is 10 (base 6) in base 7?
6
Convert -4 (base 16) to base 5.
-4
Convert 1 (base 3) to base 8.
1
Convert -1130 (base 4) to base 3.
-10102
Convert 1100 (base 2) to base 7.
15
-a (base 16) to base 2
-1010
What is -33 (base 5) in base 16?
-12
What is 41 (base 5) in base 15?
16
Convert -22 (base 12) to base 15.
-1b
What is -31 (base 5) in base 10?
-16
What is 24 (base 9) in base 3?
211
What is -5 (base 6) in base 4?
-11
What is -1d (base 15) in base 9?
-31
Convert 13 (base 9) to base 14.
c
Convert -21 (base 5) to base 13.
-b
0 (base 15) to base 11
0
30 (base 6) to base 11
17
Convert 10 (base 2) to base 13.
2
What is 100102 (base 3) in base 13?
167
What is 2b (base 14) in base 15?
29
What is -3 (base 16) in base 14?
-3
34 (base 15) to base 12
41
Convert 7 (base 16) to base 14.
7
What is 4 (base 10) in base 7?
4
What is -2000 (base 3) in base 8?
-66
What is 8 (base 11) in base 16?
8
Convert -1 (base 10) to base 4.
-1
Convert 3 (base 9) to base 11.
3
11 (base 4) to base 15
5
-223 (base 5) to base 7
-120
What is -b (base 16) in base 10?
-11
Convert -ac (base 13) to base 8.
-216
Convert -10 (base 16) to base 4.
-100
Convert 3 (base 7) to base 5.
3
Convert -24 (base 16) to base 11.
-33
1 (base 3) to base 6
1
What is -28 (base 15) in base 4?
-212
Convert 11101 (base 2) to base 3.
1002
Convert -21012 (base 3) to base 11.
-167
What is 0 (base 7) in base 16?
0
What is 5c (base 16) in base 12?
78
What is 12 (base 7) in base 12?
9
Convert -1 (base 16) to base 3.
-1
Convert 175 (base 11) to base 16.
cb
-10 (base 10) to base 13
-a
-1101 (base 3) to base 16
-25
Convert 178 (base 11) to base 6.
542
What is 79 (base 15) in base 2?
1110010
-92 (base 12) to base 9
-132
Convert -134 (base 8) to base 7.
-161
What is 66 (base 7) in base 5?
143
What is -55 (base 16) in base 10?
-85
-113 (base 4) to base 2
-10111
What is -1 (base 2) in base 10?
-1
Convert -70 (base 15) to base 9.
-126
Convert c (base 13) to base 11.
11
What is 102 (base 5) in base 16?
1b
-8 (base 13) to base 7
-11
Convert -c (base 16) to base 12.
-10
1 (base 13) to base 6
1
What is -113 (base 5) in base 15?
-23
10 (base 9) to base 15
9
Convert 28 (base 13) to base 8.
42
What is 4 (base 9) in base 6?
4
What is 13 (base 9) in base 7?
15
What is -11 (base 9) in base 8?
-12
What is -13 (base 6) in base 10?
-9
1111 (base 2) to base 9
16
What is -10 (base 5) in base 3?
-12
What is -26 (base 9) in base 2?
-11000
Convert -12 (base 10) to base 8.
-14
What is -120 (base 4) in base 11?
-22
Convert 0 (base 14) to base 3.
0
What is -1100 (base 3) in base 14?
-28
a (base 13) to base 14
a
What is 2 (base 16) in base 3?
2
What is -101 (base 2) in base 13?
-5
Convert 1 (base 15) to base 12.
1
-10 (base 14) to base 11
-13
424 (base 5) to base 6
310
What is -2 (base 13) in base 5?
-2
-56 (base 10) to base 8
-70
What is 17 (base 15) in base 11?
20
Convert 97 (base 13) to base 11.
103
33 (base 5) to base 13
15
1044 (base 5) to base 12
105
11 (base 2) to base 6
3
Convert -1 (base 15) to base 8.
-1
What is -8 (base 11) in base 6?
-12
5 (base 8) to base 16
5
Convert 32 (base 5) to base 12.
15
What is 55 (base 7) in base 8?
50
Convert -125 (base 6) to base 2.
-110101
What is -43 (base 9) in base 15?
-29
Convert 111 (base 2) to base 8.
7
-3 (base 10) to base 4
-3
Convert -3 (base 12) to base 11.
-3
-3 (base 5) to base 6
-3
What is -22 (base 6) in base 11?
-13
What is -1 (base 4) in base 15?
-1
Convert 39 (base 14) to base 12.
43
What is -4 (base 10) in base 8?
-4
What is -123 (base 6) in base 16?
-33
Convert 20 (base 4) to base 2.
1000
0 (base 12) to base 3
0
What is 24 (base 10) in base 4?
120
26 (base 11) to base 6
44
8 (base 9) to base 7
11
Convert -1200 (base 5) to base 11.
-14a
Convert 10323 (base 4) to base 2.
100111011
What is -5 (base 10) in base 13?
-5
Convert -7 (base 16) to base 13.
-7
Convert 101 (base 4) to base 8.
21
What is 0 (base 10) in base 5?
0
-62 (base 11) to base 8
-104
What is 224 (base 8) in base 12?
104
What is -3 (base 14) in base 12?
-3
What is 9 (base 13) in base 10?
9
1001011 (base 2) to base 5
300
What is -1 (base 9) in base 3?
-1
Convert 1 (base 6) to base 7.
1
Convert -1 (base 16) to base 6.
-1
-84 (base 13) to base 14
-7a
68 (base 11) to base 16
4a
Convert 0 (base 4) to base 16.
0
-23 (base 10) to base 3
-212
10 (base 7) to base 16
7
Convert 2 (base 13) to base 7.
2
-18 (base 12) to base 14
-16
What is 106 (base 7) in base 13?
43
0 (base 7) to base 11
0
Convert -4 (base 10) to base 8.
-4
0 (base 14) to ba